231.
541
Calculate the highest common divisor of 376 and 35673.
47
Calculate the greatest common divisor of 2910 and 2230030.
970
Calculate the highest common factor of 10314327 and 83.
83
Calculate the greatest common divisor of 16055844 and 84.
84
What is the greatest common factor of 88 and 1746008?
88
What is the greatest common factor of 11026 and 1184?
74
Calculate the greatest common factor of 454 and 17933.
227
What is the greatest common divisor of 457604 and 8260?
1652
Calculate the highest common divisor of 9214 and 102.
34
What is the greatest common divisor of 20503 and 812?
203
What is the greatest common factor of 391 and 20286?
23
What is the greatest common divisor of 1317 and 351?
3
What is the greatest common factor of 5494 and 82?
82
Calculate the highest common factor of 225 and 12725.
25
What is the greatest common divisor of 1666340 and 507?
169
What is the greatest common factor of 87616 and 666?
74
Calculate the highest common factor of 4830 and 1194942.
966
Calculate the highest common divisor of 2016 and 3717.
63
Calculate the greatest common divisor of 460 and 15065.
115
What is the highest common factor of 7416 and 504?
72
What is the highest common divisor of 6775 and 7859?
271
Calculate the highest common divisor of 2640 and 95678.
22
Calculate the highest common factor of 9646 and 147446.
1378
What is the greatest common factor of 923 and 1633?
71
Calculate the highest common factor of 1096 and 187964.
548
Calculate the highest common divisor of 1960 and 340.
20
What is the highest common factor of 42 and 239106?
42
Calculate the greatest common factor of 66 and 847.
11
Calculate the highest common divisor of 3594 and 153.
3
Calculate the greatest common factor of 242170 and 40.
10
Calculate the greatest common factor of 586 and 74.
2
What is the highest common factor of 18573 and 62061?
453
What is the greatest common factor of 1452 and 146?
2
Calculate the greatest common factor of 154 and 231946.
22
Calculate the greatest common factor of 209 and 67.
1
What is the highest common factor of 194 and 134054?
194
What is the greatest common divisor of 12915 and 738?
369
Calculate the greatest common factor of 3857 and 1645.
7
Calculate the highest common factor of 1888 and 18762.
118
What is the greatest common divisor of 88 and 86493?
11
Calculate the greatest common factor of 155040 and 20368.
304
Calculate the greatest common factor of 52 and 3000946.
26
What is the greatest common divisor of 1481056 and 288?
32
What is the highest common divisor of 416 and 2012?
4
Calculate the highest common factor of 84 and 118804.
28
What is the highest common factor of 99780 and 60?
60
What is the greatest common divisor of 32 and 97?
1
Calculate the highest common factor of 213 and 378501.
213
What is the highest common divisor of 2272 and 5856?
32
What is the greatest common factor of 13 and 4186169?
13
What is the greatest common divisor of 3741 and 145?
29
Calculate the greatest common factor of 99186 and 244.
122
What is the highest common divisor of 16218 and 63?
9
What is the greatest common factor of 74168 and 1270?
254
Calculate the greatest common divisor of 108 and 400329.
27
What is the greatest common divisor of 7205538 and 438?
438
What is the greatest common factor of 6593 and 10757?
347
What is the highest common factor of 755 and 2995?
5
What is the highest common factor of 6094 and 121?
11
Calculate the greatest common divisor of 2240 and 15008.
224
What is the highest common divisor of 486204 and 1333?
31
Calculate the greatest common factor of 7288 and 72.
8
What is the highest common factor of 387 and 1629?
9
What is the greatest common divisor of 5139 and 7423?
571
What is the highest common factor of 184 and 2993680?
184
What is the highest common divisor of 327810 and 77?
7
What is the greatest common divisor of 265928 and 104?
104
Calculate the highest common divisor of 28 and 21004.
4
What is the highest common divisor of 1638 and 615447?
63
Calculate the greatest common factor of 4713032 and 328.
328
What is the highest common divisor of 279 and 15237?
9
Calculate the greatest common divisor of 626744 and 628.
628
What is the highest common divisor of 567 and 6156?
81
Calculate the greatest common factor of 1139133 and 881.
881
Calculate the highest common factor of 199507 and 154.
77
What is the highest common divisor of 66 and 5324?
22
Calculate the greatest common factor of 76 and 25289.
19
What is the greatest common factor of 9143 and 669?
223
Calculate the greatest common divisor of 20702 and 66.
22
What is the greatest common divisor of 1323684 and 3544?
1772
What is the highest common divisor of 35630 and 210?
70
Calculate the greatest common factor of 3245 and 205.
5
What is the highest common factor of 5453 and 117096?
287
Calculate the greatest common factor of 1586 and 1426058.
122
What is the greatest common factor of 76208 and 121?
11
Calculate the greatest common factor of 170 and 17830.
10
Calculate the highest common factor of 65 and 2203760.
65
Calculate the greatest common divisor of 70 and 696780.
70
What is the highest common factor of 115 and 678178?
23
What is the highest common factor of 363 and 24816?
33
Calculate the highest common factor of 1257798 and 1968.
246
What is the highest common divisor of 3950 and 65?
5
What is the greatest common divisor of 95 and 7543?
19
Calculate the highest common divisor of 125228 and 12.
4
What is the highest common divisor of 32355 and 99?
9
Calculate the greatest common divisor of 162 and 73926.
54
What is the highest common factor of 19 and 2978?
1
Calculate the highest common factor of 826434 and 735.
147
What is the highest common factor of 2391 and 534?
3
Calculate the highest common divisor of 299 and 25737.
23
Calculate the highest common divisor of 337090 and 130.
130
Calculate the greatest common factor of 7515 and 405.
45
What is the greatest common factor of 71976 and 12?
12
Calculate the greatest common factor of 94724 and 2618.
238
Calculate the highest common factor of 3114 and 48094.
346
What is the greatest common factor of 236587 and 52?
13
What is the highest common factor of 27517 and 14?
7
What is the greatest common divisor of 1098 and 296826?
366
Calculate the highest common factor of 8720 and 91996.
436
What is the greatest common factor of 1456 and 78169?
91
What is the greatest common divisor of 748 and 87142?
374
Calculate the greatest common divisor of 3750 and 1350.
150
Calculate the highest common factor of 1400 and 3325.
175
What is the greatest common divisor of 2110977 and 33?
33
Calculate the highest common divisor of 910 and 233870.
910
What is the highest common divisor of 2852 and 621?
23
Calculate the greatest common divisor of 16019 and 11122.
83
What is the highest common divisor of 1518 and 8625?
69
What is the greatest common factor of 5976 and 234?
18
What is the highest common factor of 657 and 72?
9
Calculate the greatest common factor of 572171 and 207.
23
What is the greatest common factor of 156177 and 333?
333
What is the greatest common factor of 16932 and 7752?
204
Calculate the greatest common factor of 77448 and 168.
168
What is the greatest common divisor of 91 and 98280?
91
What is the highest common divisor of 1128 and 984?
24
What is the highest common factor of 7812 and 4732?
28
What is the greatest common factor of 232776 and 88?
8
Calculate the greatest common divisor of 37 and 13283.
37
What is the greatest common factor of 3 and 593601?
3
Calculate the greatest common divisor of 970 and 10.
10
What is the greatest common factor of 291 and 1867735?
97
What is the highest common divisor of 101346 and 48678?
798
Calculate the greatest common divisor of 34 and 72964.
34
Calculate the greatest common factor of 630 and 85120.
70
What is the greatest common divisor of 2400 and 7325?
25
What is the highest common factor of 111627 and 53694?
1413
Calculate the highest common factor of 732 and 132.
12
Calculate the greatest common divisor of 19251 and 19872.
621
What is the highest common factor of 139567 and 1198?
599
Calculate the highest common divisor of 25116 and 99981.
483
What is the greatest common factor of 510 and 1223490?
510
What is the greatest common divisor of 1830